ommon factor of 338 and 52.
26
Calculate the highest common factor of 1265 and 220.
55
Calculate the greatest common divisor of 14 and 68.
2
Calculate the greatest common divisor of 15 and 240.
15
What is the highest common divisor of 87 and 261?
87
What is the greatest common divisor of 2388 and 12?
12
Calculate the highest common factor of 2 and 4251.
1
Calculate the highest common factor of 1672 and 38.
38
Calculate the greatest common factor of 65 and 5.
5
What is the greatest common divisor of 11656 and 4?
4
Calculate the highest common factor of 93 and 341.
31
What is the highest common factor of 39 and 3094?
13
What is the greatest common factor of 97 and 776?
97
Calculate the greatest common divisor of 574 and 2408.
14
Calculate the greatest common divisor of 30130 and 230.
230
What is the greatest common divisor of 26 and 2314?
26
What is the highest common divisor of 816 and 2652?
204
Calculate the highest common divisor of 320 and 10.
10
Calculate the highest common factor of 84 and 7476.
84
Calculate the greatest common divisor of 1 and 5.
1
What is the highest common factor of 2997 and 27?
27
What is the highest common divisor of 584 and 1314?
146
Calculate the greatest common divisor of 352 and 1012.
44
Calculate the greatest common divisor of 15 and 4285.
5
Calculate the greatest common divisor of 60 and 2000.
20
Calculate the highest common divisor of 546 and 312.
78
What is the greatest common factor of 11950 and 1673?
239
What is the greatest common factor of 465 and 60?
15
What is the highest common factor of 2892 and 36?
12
Calculate the highest common divisor of 73 and 25769.
73
What is the greatest common divisor of 54 and 8676?
18
Calculate the greatest common factor of 23648 and 96.
32
Calculate the greatest common factor of 252 and 238.
14
Calculate the highest common divisor of 3240 and 720.
360
What is the highest common factor of 65760 and 10?
10
Calculate the highest common divisor of 1 and 876.
1
Calculate the highest common factor of 320 and 40.
40
Calculate the highest common divisor of 52 and 65.
13
Calculate the highest common factor of 31 and 25141.
31
What is the greatest common divisor of 112 and 42?
14
Calculate the highest common divisor of 47 and 4465.
47
Calculate the highest common factor of 261 and 87.
87
Calculate the highest common divisor of 488 and 10.
2
What is the highest common divisor of 325 and 50?
25
Calculate the greatest common divisor of 26 and 6.
2
What is the highest common factor of 848 and 272?
16
Calculate the highest common divisor of 48 and 1236.
12
Calculate the greatest common factor of 1036 and 56.
28
What is the highest common divisor of 2670 and 750?
30
Calculate the greatest common divisor of 1485 and 330.
165
Calculate the greatest common divisor of 34 and 24.
2
Calculate the greatest common factor of 1134 and 918.
54
Calculate the greatest common factor of 156 and 39.
39
Calculate the greatest common divisor of 728 and 260.
52
Calculate the greatest common divisor of 1088 and 232.
8
Calculate the highest common factor of 664 and 498.
166
Calculate the greatest common factor of 19 and 191.
1
What is the highest common divisor of 301 and 2?
1
Calculate the greatest common divisor of 299 and 52.
13
What is the highest common factor of 1596 and 372?
12
What is the greatest common factor of 168 and 644?
28
Calculate the greatest common factor of 490 and 10.
10
What is the greatest common divisor of 5 and 5?
5
Calculate the highest common divisor of 234 and 360.
18
What is the highest common divisor of 1156 and 8?
4
Calculate the greatest common factor of 2576 and 560.
112
What is the highest common divisor of 1148 and 164?
164
Calculate the highest common factor of 56 and 7567.
7
What is the highest common factor of 48 and 174?
6
What is the greatest common divisor of 115 and 120?
5
What is the highest common factor of 1715 and 70?
35
What is the highest common divisor of 28 and 364?
28
What is the highest common factor of 9 and 4383?
9
What is the greatest common factor of 1444 and 38?
38
What is the greatest common divisor of 304 and 48?
16
What is the greatest common factor of 1927 and 47?
47
Calculate the greatest common divisor of 195 and 130.
65
Calculate the greatest common factor of 2737 and 34.
17
Calculate the highest common factor of 64 and 608.
32
What is the greatest common factor of 1517 and 37?
37
Calculate the highest common divisor of 68 and 8619.
17
Calculate the greatest common factor of 2975 and 245.
35
Calculate the greatest common divisor of 152 and 57.
19
Calculate the greatest common factor of 16672 and 32.
32
Calculate the highest common factor of 8 and 160.
8
Calculate the greatest common factor of 77 and 143.
11
What is the greatest common divisor of 56 and 644?
28
Calculate the greatest common factor of 175 and 42.
7
Calculate the greatest common factor of 93 and 153.
3
What is the highest common factor of 390 and 962?
26
What is the highest common divisor of 51 and 11373?
51
Calculate the highest common factor of 144 and 153.
9
What is the highest common divisor of 25 and 2525?
25
Calculate the greatest common factor of 1520 and 8170.
190
Calculate the greatest common factor of 162 and 702.
54
What is the highest common factor of 564 and 12?
12
Calculate the greatest common divisor of 507 and 1443.
39
What is the highest common divisor of 2 and 176?
2
Calculate the greatest common factor of 18 and 9.
9
Calculate the greatest common factor of 589 and 31.
31
What is the highest common factor of 32 and 1496?
8
Calculate the highest common divisor of 80 and 5080.
40
Calculate the highest common divisor of 36 and 16716.
12
Calculate the highest common factor of 324 and 72.
36
What is the highest common factor of 752 and 32?
16
What is the greatest common factor of 2496 and 1352?
104
Calculate the greatest common divisor of 13 and 12623.
13
Calculate the greatest common divisor of 49 and 931.
49
Calculate the highest common factor of 1003 and 2419.
59
Calculate the highest common factor of 135 and 1593.
27
Calculate the highest common factor of 15555 and 102.
51
Calculate the greatest common divisor of 4558 and 318.
106
What is the highest common factor of 10989 and 1485?
297
What is the highest common factor of 184 and 5888?
184
What is the greatest common divisor of 64 and 1112?
8
What is the highest common factor of 20 and 15?
5
What is the greatest common divisor of 663 and 468?
39
Calculate the greatest common factor of 648 and 3.
3
What is the greatest common divisor of 21 and 14994?
21
What is the highest common divisor of 84 and 36?
12
What is the highest common divisor of 5992 and 56?
56
Calculate the greatest common factor of 4 and 36.
4
What is the greatest common factor of 105 and 795?
15
What is the greatest common divisor of 1170 and 26?
26
Calculate the greatest common factor of 35 and 2960.
5
What is the greatest common divisor of 357 and 21?
21
What is the highest common factor of 176 and 2068?
44
What is the highest common factor of 462 and 126?
42
What is the greatest common factor of 3544 and 128?
8
Calculate the highest common factor of 69111 and 63.
63
What is the highest common factor of 285 and 60?
15
Calculate the highest common divisor of 9 and 288.
9
What is the highest common divisor of 183 and 1220?
61
What is the highest common divisor of 254 and 10795?
127
Calculate the greatest common divisor of 707 and 1313.
101
What is the highest common divisor of 430 and 8514?
86
Calculate the greatest common divisor of 108 and 234.
18
What is the greatest common factor of 2760 and 150?
30
What is the highest common factor of 57 and 1596?
57
What is the highest common divisor of 700 and 196?
28
Calculate the greatest common factor of 135 and 3294.
27
Calculate the greatest common factor of 78 and 1222.
26
What is the highest common divisor of 1003 and 59?
59
What is the greatest common divisor of 637 and 49?
49
What is the greatest common factor of 871 and 52?
13
Calculate the highest common divisor of 496 and 4526.
62
Calculate the greatest common factor of 41 and 5248.
41
Calculate the greatest common divisor of 21 and 18039.
21
What is the highest common factor of 45 and 54?
9
Calculate the highest common factor of 440 and 520.
4